at is -10 - -1?
-d
In base 16, what is -175 - -5?
-170
In base 13, what is 2 - -a?
c
In base 14, what is -1 - 6a?
-6b
In base 6, what is 12 + 320?
332
In base 12, what is 3 + 107?
10a
In base 8, what is -13 + 20?
5
In base 15, what is -8 + -da?
-e3
In base 6, what is 20 + 14?
34
In base 9, what is 5 + 347?
353
In base 9, what is -2 + -14?
-16
In base 15, what is -b4 - 5?
-b9
In base 11, what is 35 - -97?
121
In base 10, what is -5 + -836?
-841
In base 15, what is 0 + a9?
a9
In base 8, what is -525 - -4?
-521
In base 8, what is 12 + -1364?
-1352
In base 8, what is -10655 - 0?
-10655
In base 3, what is -200 - -1001222?
1001022
In base 4, what is 2213302 + 1?
2213303
In base 16, what is -4 + 32?
2e
In base 10, what is 53 + -86?
-33
In base 15, what is -41 + -b6?
-107
In base 11, what is -1474 - -1?
-1473
In base 2, what is 11000111 - -10?
11001001
In base 2, what is 110 + -11111100?
-11110110
In base 2, what is -101 + 1100?
111
In base 13, what is -4 + -10bc?
-10c3
In base 14, what is -3 - -a3?
a0
In base 14, what is -a2 + -4d?
-111
In base 14, what is 1 + 84?
85
In base 15, what is 15 + 45?
5a
In base 5, what is -2243 + 0?
-2243
In base 8, what is -550 + 6?
-542
In base 5, what is 0 - 3?
-3
In base 5, what is 22 + 10444?
11021
In base 2, what is 10000111 + 11?
10001010
In base 5, what is -2 + -10121?
-10123
In base 11, what is -17 + -314?
-330
In base 16, what is 19 - 202?
-1e9
In base 12, what is 1a04a + -3?
1a047
In base 8, what is 0 - -33?
33
In base 11, what is 2 + -44?
-42
In base 4, what is -3 - 12031?
-12100
In base 9, what is -1 - -66?
65
In base 15, what is -2a6 + 0?
-2a6
In base 2, what is -1 - -101000?
100111
In base 5, what is 10 + -14?
-4
In base 14, what is 37a - 8?
372
In base 10, what is -4 - 246?
-250
In base 15, what is -1b + 5?
-16
In base 10, what is -137 + 2?
-135
In base 16, what is -2aa + -d?
-2b7
In base 8, what is -141 - -3?
-136
In base 6, what is 113 - 21?
52
In base 11, what is -248 + 9?
-23a
In base 12, what is 3 + -a7a?
-a77
In base 9, what is 33 + -1?
32
In base 5, what is 1032113 + -3?
1032110
In base 11, what is -4 + -31?
-35
In base 5, what is 2010 - -2?
2012
In base 15, what is -255 - 0?
-255
In base 12, what is 1 + 17?
18
In base 4, what is -101103 - -10?
-101033
In base 9, what is -83 + 3?
-80
In base 8, what is 4 + -325?
-321
In base 4, what is -3120 + -2?
-3122
In base 15, what is -95 + 22?
-73
In base 10, what is -28 - -4?
-24
In base 5, what is -400 + -31?
-431
In base 13, what is -34 - 56?
-8a
In base 10, what is 14 - 590?
-576
In base 16, what is -2 - 26d?
-26f
In base 10, what is 43 - 0?
43
In base 15, what is -1 - -1a4?
1a3
In base 13, what is -2 - 19?
-1b
In base 6, what is 53 + -22?
31
In base 9, what is -2 + 4177?
4175
In base 6, what is -130 - 41?
-211
In base 7, what is 1 - -26002?
26003
In base 3, what is 0 - 220001?
-220001
In base 6, what is 5 + -33?
-24
In base 11, what is 3 - -1029?
1031
In base 9, what is -1155 + -5?
-1161
In base 4, what is -213 - 21?
-300
In base 4, what is -2131 - 11?
-2202
In base 8, what is -20 + 41?
21
In base 15, what is 2 + -1dd?
-1db
In base 10, what is 3 + 87?
90
In base 6, what is -2 + -40?
-42
In base 10, what is 10 + -3?
7
In base 6, what is -134 + 10?
-124
In base 16, what is 13 - -138?
14b
In base 8, what is 670 - -5?
675
In base 15, what is -23 - -43?
20
In base 12, what is 81 - -3?
84
In base 12, what is 72 - -b?
81
In base 2, what is 10011011 - 1?
10011010
In base 2, what is -11 - -1001011?
1001000
In base 9, what is 10 + -47?
-37
In base 11, what is 1331 - -4?
1335
In base 2, what is 1101001 - 111?
1100010
In base 4, what is 330 - -301?
1231
In base 13, what is -3 - -295?
292
In base 3, what is 100022220 + -2?
100022211
In base 7, what is 35 - 10?
25
In base 9, what is 4 + -260?
-255
In base 15, what is -3bd + 3?
-3ba
In base 10, what is 21 + 11?
32
In base 7, what is 1 + -3434?
-3433
In base 9, what is 0 - -34?
34
In base 11, what is 2 + 1303?
1305
In base 13, what is 3 - -73?
76
In base 8, what is 3 - 3110?
-3105
In base 16, what is dd - 7?
d6
In base 7, what is -22 - 11?
-33
In base 4, what is 13 - 31?
-12
In base 16, what is 4 + 84?
88
In base 9, what is 235 - 7?
227
In base 8, what is -2 + -3500?
-3502
In base 10, what is 1787 - 3?
1784
In base 10, what is -347 + -4?
-351
In base 13, what is -21 + -1?
-22
In base 2, what is 1100000 - -10?
1100010
In base 10, what is 2 + -272?
-270
In base 4, what is -10 + 1122?
1112
In base 10, what is -5 + 58?
53
In base 12, what is 4 - 32?
-2a
In base 8, what is -7 - 212?
-221
In base 13, what is 2 + -1498?
-1496
In base 8, what is -577 - -1?
-576
In base 5, what is -141 + 314?
123
In base 10, what is 12 + 17?
29
In base 10, what is 16 + 33?
49
In base 2, what is 1111011100 + -1000?
1111010100
In base 15, what is 7 + -6b?
-64
In base 6, what is -5354 - 5?
-5403
In base 4, what is -10 - 320?
-330
In base 5, what is 1 + 22?
23
In base 12, what is -a92 - -1?
-a91
In base 14, what is -87 + -9c?
-145
In base 13, what is 25 + -15?
10
In base 9, what is -1 - -64?
63
In base 13, what is -4 - 3c?
-43
In base 3, what is -1002 + -11201?
-12210
In base 5, what is -4 + -3332?
-3341
In base 10, what is 32 - 51?
-19
In base 11, what is 2a2 - 0?
2a2
In base 13, what is 1 + 124?
125
In base 11, what is 705a + 1?
7060
In base 12, what is 0 + -202?
-202
In base 13, what is -6 + 7?
1
In base 3, what is -12 + 2211?
2122
In base 2, what is 11000001 + -1?
11000000
In base 6, what is -1342 - 41?
-1423
In base 12, what is 17 + 1?
18
In base 2, what is -100110 - -100?
-100010
In base 4, what is 1 + -103111?
-103110
In base 3, what is -100 - -1222?
1122
In base 4, what is 22 + 2211?
2233
In base 14, what is 7 + ad?
b6
In base 9, what is -27 - -154?
126
In base 3, what is 120020 + 2?
120022
In base 15, what is 74 + 0?
74
In base 8, what is 2 - -212?
214
In base 7, what is 5541 - -1?
5542
In base 5, what is 224 - 322?
-43
In base 14, what is -d + 12?
3
In base 16, what is -4d - 1?
-4e
In base 13, what is 18 + -18?
0
In base 15, what is -1 + a?
9
In base 16, what is 4a + -15?
35
In base 11, what is 5 + 67?
71
In base 16, what is -d + -707?
-714
In base 3, what is -200 + 2?
-121
In base 11, what is 6712 - -4?
6716
In base 5, what is 4 + -4?
0
In base 7, what is 3 - 4130?
-4124
In base 12, what is -42 + -3?
-45
In base 9, what is 842 - -2?
844
In base 14, what is -11 - 6?
-17
In base 5, what is 2304 - 4?
2300
In base 9, what is -45 - 1?
-46
In base 6, what is 1 + -115?
-114
In base 7, what is -343 - -3?
-340
In base 3, what is 0 + -2112?
-2112
In base 3, what is -201211 + 111?
-201100
In base 11, what is -21 - -320?
2aa
In base 5, what is 14 - -3202?
3221
In base 13, what is -3 + -112?
-115
In base 14, what is 2b8 + -12?
2a6
In base 14, what is -58 - -1?
-57
In base 9, what is -3 + -3227?
-3231
In base 15, what is -2 - -48a?
488
In base 13, what is -11b + -12?
-130
In base 13, what is -5 - -56?
51
In base 5, what is 21 + -43?
-22
In base 16, what is 12 + 24?
36
In base 5, what is 10 - 1110?
-1100
In base 3, what is 10 - 111221?
-111211
In base 5, what is -1203 - -4?
-1144
In base 14, what is 0 - 4d?
-4d
In base 12, what is -1441 - 4?
-1445
In base 5, what is 3 + -2014?
-2011
In base 7, what is 1465 + 40?
1535
In base 15, what is 5 - e6?
-e1
In base 2, what is 101 - 100010011100?
-100010010111
In base 6, what is -40 + 13?
-23
In base 6, what is 1211 - -2?
1213
In base 2, what is -100000 - 11?
-100011
In base 12, what is 122 - 120?
2
In base 15, what is -5 - 2d0?
-2d5
In base 2, what is 10011001 + -10101000?
-1111
In base 10, what is 177 + 6?
183
In base 13, what is -6 - -139?
133
In base 7, what is -3 + -2123?
-2126
In base 6, what is -4 + -14224?
-14232
In base 5, what is 1041 + -2?
1034
In base 16, what is 1af + d?
1bc
In base 2, what is -1001 + -111010110?
-111011111
In base 11, what is 1366 - 3?
1363
In base 14, what is -8a - -1a?
-70
In base 14, what is 3 + -3?
0
In base 10, what is -10 - 40?
-50
In base 16, what is 2d - 1d?
10
In base 9, what is -1 + 35?
34
In base 15, what is 17 + -a0?
-88
In base 5, what is 111023 + 4?
111032
In base 15, what is -33 - e?
-42
In base 6, what is -2 + -241?
-243
In base 3, what is -2 + -1121101?
-1121110
In base 10, what is -10 + -56?
-66
In base 9, what is -11217 - 2?
-11220
In base 15, what is -a - 31?